{"id":1087,"date":"2025-05-14T11:29:17","date_gmt":"2025-05-14T14:29:17","guid":{"rendered":"https:\/\/iga-la.com\/bra\/?page_id=1087"},"modified":"2025-09-18T12:33:47","modified_gmt":"2025-09-18T15:33:47","slug":"workshops","status":"publish","type":"page","link":"https:\/\/iga-la.com\/bra\/workshops\/","title":{"rendered":"Workshops"},"content":{"rendered":"\t\t<div data-elementor-type=\"wp-page\" data-elementor-id=\"1087\" class=\"elementor elementor-1087\" data-elementor-post-type=\"page\">\n\t\t\t\t<div class=\"elementor-element elementor-element-bfc9263 e-flex e-con-boxed e-con e-parent\" data-id=\"bfc9263\" data-element_type=\"container\" data-settings=\"{&quot;background_background&quot;:&quot;classic&quot;}\">\n\t\t\t\t\t<div class=\"e-con-inner\">\n\t\t\t\t<div class=\"elementor-element elementor-element-1ec5746 elementor-widget elementor-widget-heading\" data-id=\"1ec5746\" data-element_type=\"widget\" data-widget_type=\"heading.default\">\n\t\t\t\t\t<h6 class=\"elementor-heading-title elementor-size-default\">Junte-se hoje<\/h6>\t\t\t\t<\/div>\n\t\t\t\t<div class=\"elementor-element elementor-element-e8eb8c9 elementor-invisible elementor-widget elementor-widget-heading\" data-id=\"e8eb8c9\" data-element_type=\"widget\" data-settings=\"{&quot;_animation&quot;:&quot;fadeInUp&quot;,&quot;_animation_delay&quot;:200}\" data-widget_type=\"heading.default\">\n\t\t\t\t\t<h2 class=\"elementor-heading-title elementor-size-default\">Workshops<\/h2>\t\t\t\t<\/div>\n\t\t\t\t<div class=\"elementor-element elementor-element-92adc8c elementor-icon-list--layout-inline elementor-align-center elementor-widget__width-inherit elementor-list-item-link-full_width elementor-invisible elementor-widget elementor-widget-icon-list\" data-id=\"92adc8c\" data-element_type=\"widget\" data-settings=\"{&quot;_animation&quot;:&quot;fadeInUp&quot;,&quot;_animation_delay&quot;:200}\" data-widget_type=\"icon-list.default\">\n\t\t\t\t\t\t\t<ul class=\"elementor-icon-list-items elementor-inline-items\">\n\t\t\t\t\t\t\t<li class=\"elementor-icon-list-item elementor-inline-item\">\n\t\t\t\t\t\t\t\t\t\t\t<a href=\"https:\/\/iga-la.com\/bra\/home\/\">\n\n\t\t\t\t\t\t\t\t\t\t\t<span class=\"elementor-icon-list-text\">Home<\/span>\n\t\t\t\t\t\t\t\t\t\t\t<\/a>\n\t\t\t\t\t\t\t\t\t<\/li>\n\t\t\t\t\t\t\t\t<li class=\"elementor-icon-list-item elementor-inline-item\">\n\t\t\t\t\t\t\t\t\t\t\t<a href=\"https:\/\/iga-la.com\/bra\/workshops\/\">\n\n\t\t\t\t\t\t\t\t\t\t\t\t<span class=\"elementor-icon-list-icon\">\n\t\t\t\t\t\t\t<i aria-hidden=\"true\" class=\"icon icon-right-arrow\"><\/i>\t\t\t\t\t\t<\/span>\n\t\t\t\t\t\t\t\t\t\t<span class=\"elementor-icon-list-text\">Workshops<\/span>\n\t\t\t\t\t\t\t\t\t\t\t<\/a>\n\t\t\t\t\t\t\t\t\t<\/li>\n\t\t\t\t\t\t<\/ul>\n\t\t\t\t\t\t<\/div>\n\t\t\t\t\t<\/div>\n\t\t\t\t<\/div>\n\t\t<div class=\"elementor-element elementor-element-da15b01 e-con-full e-flex e-con e-parent\" data-id=\"da15b01\" data-element_type=\"container\">\n\t\t<div class=\"elementor-element elementor-element-f94ca41 e-con-full e-flex e-con e-child\" data-id=\"f94ca41\" data-element_type=\"container\">\n\t\t\t\t<div class=\"elementor-element elementor-element-9d33a25 ekit-equal-height-enable elementor-widget elementor-widget-elementskit-icon-box\" data-id=\"9d33a25\" data-element_type=\"widget\" data-widget_type=\"elementskit-icon-box.default\">\n\t\t\t\t\t<div class=\"ekit-wid-con\" >        <!-- link opening -->\n                <!-- end link opening -->\n\n        <div class=\"elementskit-infobox text-center text-center icon-top-align elementor-animation-   \">\n                            <div class=\"elementskit-box-header\">\n                <div class=\"elementskit-info-box-icon \">\n                    <img fetchpriority=\"high\" decoding=\"async\" width=\"2000\" height=\"1333\" src=\"https:\/\/iga-la.com\/bra\/wp-content\/uploads\/sites\/4\/2025\/09\/06-pastas-lisas.jpg\" class=\"attachment- size-\" alt=\"\" srcset=\"https:\/\/iga-la.com\/bra\/wp-content\/uploads\/sites\/4\/2025\/09\/06-pastas-lisas.jpg 2000w, https:\/\/iga-la.com\/bra\/wp-content\/uploads\/sites\/4\/2025\/09\/06-pastas-lisas-300x200.jpg 300w, https:\/\/iga-la.com\/bra\/wp-content\/uploads\/sites\/4\/2025\/09\/06-pastas-lisas-1024x682.jpg 1024w, https:\/\/iga-la.com\/bra\/wp-content\/uploads\/sites\/4\/2025\/09\/06-pastas-lisas-768x512.jpg 768w, https:\/\/iga-la.com\/bra\/wp-content\/uploads\/sites\/4\/2025\/09\/06-pastas-lisas-1536x1024.jpg 1536w\" sizes=\"(max-width: 2000px) 100vw, 2000px\" \/>                <\/div>\n          <\/div>\n                <div class=\"box-body\">\n                            <h3 class=\"elementskit-info-box-title\">\n                    Massas \u2013 2 horas                <\/h3>\n                        \t\t  \t<p>Aprenda a preparar massas frescas de maneira pr\u00e1tica e saborosa. Este workshop \u00e9 o ideal para quem quer fazer massas artesanais com textura e sabor incr\u00edveis, direto da sua cozinha.<\/p>\n                                        <div class=\"box-footer disable_hover_button\">\n                    <div class=\"btn-wraper\">\n                                                            <a class=\"elementskit-btn whitespace--normal\" href=\"https:\/\/api.whatsapp.com\/send?phone=12395080603&#038;text=Me%20interesa%20el%20seminario%20de\">\n                                                                                Detalhes da solicita\u00e7\u00e3o                                    <\/a>\n                                                        <\/div>\n                <\/div>\n                    <\/div>\n        \n        \n                <\/div>\n        <\/div>\t\t\t\t<\/div>\n\t\t\t\t<\/div>\n\t\t<div class=\"elementor-element elementor-element-3463bac e-con-full e-flex e-con e-child\" data-id=\"3463bac\" data-element_type=\"container\">\n\t\t\t\t<div class=\"elementor-element elementor-element-0251c4d ekit-equal-height-enable elementor-widget elementor-widget-elementskit-icon-box\" data-id=\"0251c4d\" data-element_type=\"widget\" data-widget_type=\"elementskit-icon-box.default\">\n\t\t\t\t\t<div class=\"ekit-wid-con\" >        <!-- link opening -->\n                <!-- end link opening -->\n\n        <div class=\"elementskit-infobox text-center text-center icon-top-align elementor-animation-   \">\n                            <div class=\"elementskit-box-header\">\n                <div class=\"elementskit-info-box-icon \">\n                    <img decoding=\"async\" width=\"2000\" height=\"1333\" src=\"https:\/\/iga-la.com\/bra\/wp-content\/uploads\/sites\/4\/2025\/09\/07-pastas-rellenas.jpg\" class=\"attachment- size-\" alt=\"\" srcset=\"https:\/\/iga-la.com\/bra\/wp-content\/uploads\/sites\/4\/2025\/09\/07-pastas-rellenas.jpg 2000w, https:\/\/iga-la.com\/bra\/wp-content\/uploads\/sites\/4\/2025\/09\/07-pastas-rellenas-300x200.jpg 300w, https:\/\/iga-la.com\/bra\/wp-content\/uploads\/sites\/4\/2025\/09\/07-pastas-rellenas-1024x682.jpg 1024w, https:\/\/iga-la.com\/bra\/wp-content\/uploads\/sites\/4\/2025\/09\/07-pastas-rellenas-768x512.jpg 768w, https:\/\/iga-la.com\/bra\/wp-content\/uploads\/sites\/4\/2025\/09\/07-pastas-rellenas-1536x1024.jpg 1536w\" sizes=\"(max-width: 2000px) 100vw, 2000px\" \/>                <\/div>\n          <\/div>\n                <div class=\"box-body\">\n                            <h3 class=\"elementskit-info-box-title\">\n                    Massas Recheadas \u2013 2 horas                <\/h3>\n                        \t\t  \t<p>Mergulhe no universo das massas recheadas artesanais, como ravioli, tortellini e cappelletti. Aprenda a fazer massas do zero, recheios equilibrados e molhos que valorizam cada receita. Um curso r\u00e1pido e delicioso para quem ama a culin\u00e1ria italiana.\n<\/p>\n                                        <div class=\"box-footer disable_hover_button\">\n                    <div class=\"btn-wraper\">\n                                                            <a class=\"elementskit-btn whitespace--normal\" href=\"https:\/\/api.whatsapp.com\/send?phone=12395080603&#038;text=Me%20interesa%20el%20seminario%20de\">\n                                                                                Detalhes da solicita\u00e7\u00e3o                                    <\/a>\n                                                        <\/div>\n                <\/div>\n                    <\/div>\n        \n        \n                <\/div>\n        <\/div>\t\t\t\t<\/div>\n\t\t\t\t<\/div>\n\t\t<div class=\"elementor-element elementor-element-21b812d e-con-full e-flex e-con e-child\" data-id=\"21b812d\" data-element_type=\"container\">\n\t\t\t\t<div class=\"elementor-element elementor-element-0f943ec ekit-equal-height-enable elementor-widget elementor-widget-elementskit-icon-box\" data-id=\"0f943ec\" data-element_type=\"widget\" data-widget_type=\"elementskit-icon-box.default\">\n\t\t\t\t\t<div class=\"ekit-wid-con\" >        <!-- link opening -->\n                <!-- end link opening -->\n\n        <div class=\"elementskit-infobox text-center text-center icon-top-align elementor-animation-   \">\n                            <div class=\"elementskit-box-header\">\n                <div class=\"elementskit-info-box-icon \">\n                    <img decoding=\"async\" width=\"2000\" height=\"1333\" src=\"https:\/\/iga-la.com\/bra\/wp-content\/uploads\/sites\/4\/2025\/09\/13-hamburguesas-1.jpg\" class=\"attachment- size-\" alt=\"\" srcset=\"https:\/\/iga-la.com\/bra\/wp-content\/uploads\/sites\/4\/2025\/09\/13-hamburguesas-1.jpg 2000w, https:\/\/iga-la.com\/bra\/wp-content\/uploads\/sites\/4\/2025\/09\/13-hamburguesas-1-300x200.jpg 300w, https:\/\/iga-la.com\/bra\/wp-content\/uploads\/sites\/4\/2025\/09\/13-hamburguesas-1-1024x682.jpg 1024w, https:\/\/iga-la.com\/bra\/wp-content\/uploads\/sites\/4\/2025\/09\/13-hamburguesas-1-768x512.jpg 768w, https:\/\/iga-la.com\/bra\/wp-content\/uploads\/sites\/4\/2025\/09\/13-hamburguesas-1-1536x1024.jpg 1536w\" sizes=\"(max-width: 2000px) 100vw, 2000px\" \/>                <\/div>\n          <\/div>\n                <div class=\"box-body\">\n                            <h3 class=\"elementskit-info-box-title\">\n                    Hamb\u00farguer Gourmet 1 \u2013 2 horas                <\/h3>\n                        \t\t  \t<p>Descubra como preparar hamb\u00fargueres artesanais de dar \u00e1gua na boca! Voc\u00ea vai aprender a montar o blend perfeito de carnes, preparar acompanhamentos diferenciados e montar seu hamb\u00farguer com apresenta\u00e7\u00e3o profissional. Ideal para impressionar em casa ou iniciar um neg\u00f3cio.<\/p>\n                                        <div class=\"box-footer disable_hover_button\">\n                    <div class=\"btn-wraper\">\n                                                            <a class=\"elementskit-btn whitespace--normal\" href=\"https:\/\/api.whatsapp.com\/send?phone=12395080603&#038;text=Me%20interesa%20el%20seminario%20de\">\n                                                                                Detalhes da solicita\u00e7\u00e3o                                    <\/a>\n                                                        <\/div>\n                <\/div>\n                    <\/div>\n        \n        \n                <\/div>\n        <\/div>\t\t\t\t<\/div>\n\t\t\t\t<\/div>\n\t\t<div class=\"elementor-element elementor-element-5d90fbb e-con-full e-flex e-con e-child\" data-id=\"5d90fbb\" data-element_type=\"container\">\n\t\t\t\t<div class=\"elementor-element elementor-element-e0bae92 ekit-equal-height-enable elementor-widget elementor-widget-elementskit-icon-box\" data-id=\"e0bae92\" data-element_type=\"widget\" data-widget_type=\"elementskit-icon-box.default\">\n\t\t\t\t\t<div class=\"ekit-wid-con\" >        <!-- link opening -->\n                <!-- end link opening -->\n\n        <div class=\"elementskit-infobox text-center text-center icon-top-align elementor-animation-   \">\n                            <div class=\"elementskit-box-header\">\n                <div class=\"elementskit-info-box-icon \">\n                    <img loading=\"lazy\" decoding=\"async\" width=\"2000\" height=\"1333\" src=\"https:\/\/iga-la.com\/bra\/wp-content\/uploads\/sites\/4\/2025\/09\/15-cozinha-oriental.jpg\" class=\"attachment- size-\" alt=\"\" srcset=\"https:\/\/iga-la.com\/bra\/wp-content\/uploads\/sites\/4\/2025\/09\/15-cozinha-oriental.jpg 2000w, https:\/\/iga-la.com\/bra\/wp-content\/uploads\/sites\/4\/2025\/09\/15-cozinha-oriental-300x200.jpg 300w, https:\/\/iga-la.com\/bra\/wp-content\/uploads\/sites\/4\/2025\/09\/15-cozinha-oriental-1024x682.jpg 1024w, https:\/\/iga-la.com\/bra\/wp-content\/uploads\/sites\/4\/2025\/09\/15-cozinha-oriental-768x512.jpg 768w, https:\/\/iga-la.com\/bra\/wp-content\/uploads\/sites\/4\/2025\/09\/15-cozinha-oriental-1536x1024.jpg 1536w\" sizes=\"(max-width: 2000px) 100vw, 2000px\" \/>                <\/div>\n          <\/div>\n                <div class=\"box-body\">\n                            <h3 class=\"elementskit-info-box-title\">\n                    Cozinha Oriental \u2013 2 horas                <\/h3>\n                        \t\t  \t<p>Explore os sabores e t\u00e9cnicas da culin\u00e1ria oriental em uma aula pr\u00e1tica e envolvente. Prepare pratos cl\u00e1ssicos como yakisoba, sushi ou harumaki, aprendendo sobre ingredientes, cortes e temperos t\u00edpicos. Uma viagem gastron\u00f4mica em apenas duas horas.\n<\/p>\n                                        <div class=\"box-footer disable_hover_button\">\n                    <div class=\"btn-wraper\">\n                                                            <a class=\"elementskit-btn whitespace--normal\" href=\"https:\/\/api.whatsapp.com\/send?phone=12395080603&#038;text=Me%20interesa%20el%20seminario%20de\">\n                                                                                Detalhes da solicita\u00e7\u00e3o                                    <\/a>\n                                                        <\/div>\n                <\/div>\n                    <\/div>\n        \n        \n                <\/div>\n        <\/div>\t\t\t\t<\/div>\n\t\t\t\t<\/div>\n\t\t\t\t<\/div>\n\t\t<div class=\"elementor-element elementor-element-2b2c2c9 e-con-full e-flex e-con e-parent\" data-id=\"2b2c2c9\" data-element_type=\"container\">\n\t\t<div class=\"elementor-element elementor-element-528a2e3 e-con-full e-flex e-con e-child\" data-id=\"528a2e3\" data-element_type=\"container\">\n\t\t\t\t<div class=\"elementor-element elementor-element-089faf5 ekit-equal-height-enable elementor-widget elementor-widget-elementskit-icon-box\" data-id=\"089faf5\" data-element_type=\"widget\" data-widget_type=\"elementskit-icon-box.default\">\n\t\t\t\t\t<div class=\"ekit-wid-con\" >        <!-- link opening -->\n                <!-- end link opening -->\n\n        <div class=\"elementskit-infobox text-center text-center icon-top-align elementor-animation-   \">\n                            <div class=\"elementskit-box-header\">\n                <div class=\"elementskit-info-box-icon \">\n                    <img loading=\"lazy\" decoding=\"async\" width=\"2000\" height=\"1333\" src=\"https:\/\/iga-la.com\/bra\/wp-content\/uploads\/sites\/4\/2025\/09\/16-risoto-1.jpg\" class=\"attachment- size-\" alt=\"\" srcset=\"https:\/\/iga-la.com\/bra\/wp-content\/uploads\/sites\/4\/2025\/09\/16-risoto-1.jpg 2000w, https:\/\/iga-la.com\/bra\/wp-content\/uploads\/sites\/4\/2025\/09\/16-risoto-1-300x200.jpg 300w, https:\/\/iga-la.com\/bra\/wp-content\/uploads\/sites\/4\/2025\/09\/16-risoto-1-1024x682.jpg 1024w, https:\/\/iga-la.com\/bra\/wp-content\/uploads\/sites\/4\/2025\/09\/16-risoto-1-768x512.jpg 768w, https:\/\/iga-la.com\/bra\/wp-content\/uploads\/sites\/4\/2025\/09\/16-risoto-1-1536x1024.jpg 1536w\" sizes=\"(max-width: 2000px) 100vw, 2000px\" \/>                <\/div>\n          <\/div>\n                <div class=\"box-body\">\n                            <h3 class=\"elementskit-info-box-title\">\n                    Risoto 1 \u2013 2 horas                <\/h3>\n                        \t\t  \t<p>Domine a t\u00e9cnica de um risoto cremoso e cheio de sabor. Aprenda a escolher os ingredientes certos, o ponto ideal do arroz e as combina\u00e7\u00f5es cl\u00e1ssicas que fazem sucesso. Um workshop pr\u00e1tico para quem ama a cozinha italiana e quer elevar seu repert\u00f3rio culin\u00e1rio.<\/p>\n                                        <div class=\"box-footer disable_hover_button\">\n                    <div class=\"btn-wraper\">\n                                                            <a class=\"elementskit-btn whitespace--normal\" href=\"https:\/\/api.whatsapp.com\/send?phone=12395080603&#038;text=Me%20interesa%20el%20seminario%20de\">\n                                                                                Detalhes da solicita\u00e7\u00e3o                                    <\/a>\n                                                        <\/div>\n                <\/div>\n                    <\/div>\n        \n        \n                <\/div>\n        <\/div>\t\t\t\t<\/div>\n\t\t\t\t<\/div>\n\t\t\t\t<\/div>\n\t\t\t\t<\/div>\n\t\t","protected":false},"excerpt":{"rendered":"<p>Junte-se hoje Home Massas \u2013 2 horas Aprenda a preparar massas frescas de maneira pr\u00e1tica e saborosa. Este workshop \u00e9 o ideal para quem quer fazer massas artesanais com textura e sabor incr\u00edveis, direto da sua cozinha. Detalhes da solicita\u00e7\u00e3o Massas Recheadas \u2013 2 horas Mergulhe no universo das massas recheadas artesanais, como ravioli, tortellini [&hellip;]<\/p>\n","protected":false},"author":1,"featured_media":0,"parent":0,"menu_order":0,"comment_status":"closed","ping_status":"closed","template":"elementor_header_footer","meta":{"_acf_changed":false,"footnotes":""},"class_list":["post-1087","page","type-page","status-publish","hentry"],"acf":[],"yoast_head":"<!-- This site is optimized with the Yoast SEO plugin v25.0 - https:\/\/yoast.com\/wordpress\/plugins\/seo\/ -->\n<title>Workshops - IGA | Escola de gastronomia Brasil<\/title>\n<meta name=\"robots\" content=\"index, follow, max-snippet:-1, max-image-preview:large, max-video-preview:-1\" \/>\n<link rel=\"canonical\" href=\"https:\/\/iga-la.com\/bra\/workshops\/\" \/>\n<meta property=\"og:locale\" content=\"es_ES\" \/>\n<meta property=\"og:type\" content=\"article\" \/>\n<meta property=\"og:title\" content=\"Workshops - IGA | Escola de gastronomia Brasil\" \/>\n<meta property=\"og:description\" content=\"Junte-se hoje Home Massas \u2013 2 horas Aprenda a preparar massas frescas de maneira pr\u00e1tica e saborosa. Este workshop \u00e9 o ideal para quem quer fazer massas artesanais com textura e sabor incr\u00edveis, direto da sua cozinha. Detalhes da solicita\u00e7\u00e3o Massas Recheadas \u2013 2 horas Mergulhe no universo das massas recheadas artesanais, como ravioli, tortellini [&hellip;]\" \/>\n<meta property=\"og:url\" content=\"https:\/\/iga-la.com\/bra\/workshops\/\" \/>\n<meta property=\"og:site_name\" content=\"IGA | Escola de gastronomia Brasil\" \/>\n<meta property=\"article:modified_time\" content=\"2025-09-18T15:33:47+00:00\" \/>\n<meta property=\"og:image\" content=\"https:\/\/iga-la.com\/bra\/wp-content\/uploads\/sites\/4\/2025\/09\/06-pastas-lisas.jpg\" \/>\n<meta name=\"twitter:card\" content=\"summary_large_image\" \/>\n<meta name=\"twitter:label1\" content=\"Tiempo de lectura\" \/>\n\t<meta name=\"twitter:data1\" content=\"3 minutos\" \/>\n<script type=\"application\/ld+json\" class=\"yoast-schema-graph\">{\"@context\":\"https:\/\/schema.org\",\"@graph\":[{\"@type\":\"WebPage\",\"@id\":\"https:\/\/iga-la.com\/bra\/workshops\/\",\"url\":\"https:\/\/iga-la.com\/bra\/workshops\/\",\"name\":\"Workshops - IGA | Escola de gastronomia Brasil\",\"isPartOf\":{\"@id\":\"https:\/\/iga-la.com\/bra\/#website\"},\"primaryImageOfPage\":{\"@id\":\"https:\/\/iga-la.com\/bra\/workshops\/#primaryimage\"},\"image\":{\"@id\":\"https:\/\/iga-la.com\/bra\/workshops\/#primaryimage\"},\"thumbnailUrl\":\"https:\/\/iga-la.com\/bra\/wp-content\/uploads\/sites\/4\/2025\/09\/06-pastas-lisas.jpg\",\"datePublished\":\"2025-05-14T14:29:17+00:00\",\"dateModified\":\"2025-09-18T15:33:47+00:00\",\"breadcrumb\":{\"@id\":\"https:\/\/iga-la.com\/bra\/workshops\/#breadcrumb\"},\"inLanguage\":\"es\",\"potentialAction\":[{\"@type\":\"ReadAction\",\"target\":[\"https:\/\/iga-la.com\/bra\/workshops\/\"]}]},{\"@type\":\"ImageObject\",\"inLanguage\":\"es\",\"@id\":\"https:\/\/iga-la.com\/bra\/workshops\/#primaryimage\",\"url\":\"https:\/\/iga-la.com\/bra\/wp-content\/uploads\/sites\/4\/2025\/09\/06-pastas-lisas.jpg\",\"contentUrl\":\"https:\/\/iga-la.com\/bra\/wp-content\/uploads\/sites\/4\/2025\/09\/06-pastas-lisas.jpg\",\"width\":2000,\"height\":1333},{\"@type\":\"BreadcrumbList\",\"@id\":\"https:\/\/iga-la.com\/bra\/workshops\/#breadcrumb\",\"itemListElement\":[{\"@type\":\"ListItem\",\"position\":1,\"name\":\"Portada\",\"item\":\"https:\/\/iga-la.com\/bra\/\"},{\"@type\":\"ListItem\",\"position\":2,\"name\":\"Workshops\"}]},{\"@type\":\"WebSite\",\"@id\":\"https:\/\/iga-la.com\/bra\/#website\",\"url\":\"https:\/\/iga-la.com\/bra\/\",\"name\":\"IGA | Escola de gastronomia Brasil\",\"description\":\"\",\"potentialAction\":[{\"@type\":\"SearchAction\",\"target\":{\"@type\":\"EntryPoint\",\"urlTemplate\":\"https:\/\/iga-la.com\/bra\/?s={search_term_string}\"},\"query-input\":{\"@type\":\"PropertyValueSpecification\",\"valueRequired\":true,\"valueName\":\"search_term_string\"}}],\"inLanguage\":\"es\"}]}<\/script>\n<!-- \/ Yoast SEO plugin. -->","yoast_head_json":{"title":"Workshops - IGA | Escola de gastronomia Brasil","robots":{"index":"index","follow":"follow","max-snippet":"max-snippet:-1","max-image-preview":"max-image-preview:large","max-video-preview":"max-video-preview:-1"},"canonical":"https:\/\/iga-la.com\/bra\/workshops\/","og_locale":"es_ES","og_type":"article","og_title":"Workshops - IGA | Escola de gastronomia Brasil","og_description":"Junte-se hoje Home Massas \u2013 2 horas Aprenda a preparar massas frescas de maneira pr\u00e1tica e saborosa. Este workshop \u00e9 o ideal para quem quer fazer massas artesanais com textura e sabor incr\u00edveis, direto da sua cozinha. Detalhes da solicita\u00e7\u00e3o Massas Recheadas \u2013 2 horas Mergulhe no universo das massas recheadas artesanais, como ravioli, tortellini [&hellip;]","og_url":"https:\/\/iga-la.com\/bra\/workshops\/","og_site_name":"IGA | Escola de gastronomia Brasil","article_modified_time":"2025-09-18T15:33:47+00:00","og_image":[{"url":"https:\/\/iga-la.com\/bra\/wp-content\/uploads\/sites\/4\/2025\/09\/06-pastas-lisas.jpg","type":"","width":"","height":""}],"twitter_card":"summary_large_image","twitter_misc":{"Tiempo de lectura":"3 minutos"},"schema":{"@context":"https:\/\/schema.org","@graph":[{"@type":"WebPage","@id":"https:\/\/iga-la.com\/bra\/workshops\/","url":"https:\/\/iga-la.com\/bra\/workshops\/","name":"Workshops - IGA | Escola de gastronomia Brasil","isPartOf":{"@id":"https:\/\/iga-la.com\/bra\/#website"},"primaryImageOfPage":{"@id":"https:\/\/iga-la.com\/bra\/workshops\/#primaryimage"},"image":{"@id":"https:\/\/iga-la.com\/bra\/workshops\/#primaryimage"},"thumbnailUrl":"https:\/\/iga-la.com\/bra\/wp-content\/uploads\/sites\/4\/2025\/09\/06-pastas-lisas.jpg","datePublished":"2025-05-14T14:29:17+00:00","dateModified":"2025-09-18T15:33:47+00:00","breadcrumb":{"@id":"https:\/\/iga-la.com\/bra\/workshops\/#breadcrumb"},"inLanguage":"es","potentialAction":[{"@type":"ReadAction","target":["https:\/\/iga-la.com\/bra\/workshops\/"]}]},{"@type":"ImageObject","inLanguage":"es","@id":"https:\/\/iga-la.com\/bra\/workshops\/#primaryimage","url":"https:\/\/iga-la.com\/bra\/wp-content\/uploads\/sites\/4\/2025\/09\/06-pastas-lisas.jpg","contentUrl":"https:\/\/iga-la.com\/bra\/wp-content\/uploads\/sites\/4\/2025\/09\/06-pastas-lisas.jpg","width":2000,"height":1333},{"@type":"BreadcrumbList","@id":"https:\/\/iga-la.com\/bra\/workshops\/#breadcrumb","itemListElement":[{"@type":"ListItem","position":1,"name":"Portada","item":"https:\/\/iga-la.com\/bra\/"},{"@type":"ListItem","position":2,"name":"Workshops"}]},{"@type":"WebSite","@id":"https:\/\/iga-la.com\/bra\/#website","url":"https:\/\/iga-la.com\/bra\/","name":"IGA | Escola de gastronomia Brasil","description":"","potentialAction":[{"@type":"SearchAction","target":{"@type":"EntryPoint","urlTemplate":"https:\/\/iga-la.com\/bra\/?s={search_term_string}"},"query-input":{"@type":"PropertyValueSpecification","valueRequired":true,"valueName":"search_term_string"}}],"inLanguage":"es"}]}},"_links":{"self":[{"href":"https:\/\/iga-la.com\/bra\/wp-json\/wp\/v2\/pages\/1087","targetHints":{"allow":["GET"]}}],"collection":[{"href":"https:\/\/iga-la.com\/bra\/wp-json\/wp\/v2\/pages"}],"about":[{"href":"https:\/\/iga-la.com\/bra\/wp-json\/wp\/v2\/types\/page"}],"author":[{"embeddable":true,"href":"https:\/\/iga-la.com\/bra\/wp-json\/wp\/v2\/users\/1"}],"replies":[{"embeddable":true,"href":"https:\/\/iga-la.com\/bra\/wp-json\/wp\/v2\/comments?post=1087"}],"version-history":[{"count":56,"href":"https:\/\/iga-la.com\/bra\/wp-json\/wp\/v2\/pages\/1087\/revisions"}],"predecessor-version":[{"id":2277,"href":"https:\/\/iga-la.com\/bra\/wp-json\/wp\/v2\/pages\/1087\/revisions\/2277"}],"wp:attachment":[{"href":"https:\/\/iga-la.com\/bra\/wp-json\/wp\/v2\/media?parent=1087"}],"curies":[{"name":"wp","href":"https:\/\/api.w.org\/{rel}","templated":true}]}}